 9266 + -9270. Give n(p).
-51
Let n(y) = -284*y**2 + 139*y**2 + 66 + 144*y**2 - 5*y. Calculate n(-11).
0
Let s(z) = 5*z**3 + z - 1. Let x(i) = 34*i**3 + 6*i**2 + 14*i - 1. Let u(m) = -7*s(m) + x(m). Let a = -4 - -11. What is u(a)?
6
Let u(h) = -2*h**2 + 4*h - 2. Suppose 0 = -11*a - 3*a - 490. Let i be (-3)/1*266/(-21). Let j = a + i. Give u(j).
-8
Let v = 56 + -64. Let b be 0 + (2*v)/(-4). Suppose -4 - 20 = b*y. Let l(w) = w**3 + 6*w**2 - w - 5. Determine l(y).
1
Suppose -57*p - 33*p = 1530. Let r(z) = z**3 + 15*z**2 - 31*z + 42. What is r(p)?
-9
Let o(k) = 5*k + 32. Let v(t) = -2*t - 2. Let p(m) = o(m) + 3*v(m). Let z be p(23). Let a(w) = w**2 - w - 7. Give a(z).
-1
Suppose -3*r + 2 = 8. Let x(f) = 2. Let p(h) = -h - 2. Let u(o) = r*p(o) - 3*x(o). Suppose -6*b + 3*z + 6 = 0, -b = z + 13879 - 13892. What is u(b)?
8
Let b(i) = -7*i + 26. Let c be (-75)/120*4*12/(-5). Give b(c).
-16
Let r(u) = -5*u**2 + 2*u + 2. Let m(x) = -10*x**2 + 5*x + 5. Let s(b) = -2*m(b) + 5*r(b). Let d = -1096 + 1097. Calculate s(d).
-5
Let t(x) = -3*x + 31. Suppose -43*g + 42*g = -10. Let m be t(g). Let j(z) = 13*z**3 + z - 1. Calculate j(m).
13
Let o(a) = -a**3 + 8*a + 2. Let l be o(-3). Suppose 6 = -3*z + 3, 0 = -4*s + l*z + 37. Let v(q) = q - 5. What is v(s)?
3
Let x(s) = -s**3 - 8*s**2 - 12*s + 8. Let n be x(-6). Suppose 3*m = z + 20, 3*z + m + 18 = n. Let k(g) = g**3 + 5*g**2 + 2*g + 6. Determine k(z).
-4
Let z(u) = -u**2 + 3*u + 2656. Let h be z(53). Let s(i) = i**2 + 7. Calculate s(h).
43
Suppose -532 = -5*s + 68. Suppose -162 + s = -7*w. Let g(l) = -l**3 + 6*l**2 + 5. Calculate g(w).
5
Let f be (-64)/(-10) + -7 + (-118)/(-5). Let w(y) = y**2 - 25*y + 52. Let l be w(f). Let o(t) = -t + 8. Calculate o(l).
2
Suppose -7*s = -31 - 81. Let u = 16 - s. Let j(y) = -y + 38 - 78 + 22. Give j(u).
-18
Let i(z) be the third derivative of -z**4/6 + 4*z**2 + 2*z + 43. Suppose -d = 4*o + 54, 3*o - d = -2*d - 41. Let r be (1 - -1)*(-13)/o. Give i(r).
-8
Let i(y) = -y**2 - 2*y + 8. Let p = 164 - 159. Suppose -p*m + 52 = 8*m. Give i(m).
-16
Let v(k) be the third derivative of k**4/12 + 59*k**3/6 + 4*k**2 - 53. Give v(0).
59
Let b(i) = -2*i + 12. Let y(x) = -x**2 + 15*x - 41. Let c be y(8). Let n be 70/16 + c/(-40). What is b(n)?
4
Let d(i) = -4*i + i**3 - 85 - 87 - 84 - 9*i**2 + 263. Calculate d(8).
-89
Let m(t) be the second derivative of t**4/12 - 5*t**3/6 - t**2/2 + 221*t + 2. Let l = 30 - 12. Suppose 5*d - 20 = 4*g + 10, 3*d - 2*g = l. Give m(d).
5
Let v be (272/204)/((-2)/6)*(-5)/2. Let b(m) = m**2 - 5*m - 31. Give b(v).
19
Let k(p) = -7*p**2 - 26*p - 4. Let g(o) = 2*o**2 + 3*o - 3. Let b(i) = -3*g(i) - k(i). What is b(-17)?
13
Let u(j) be the first derivative of 1/12*j**4 + 7 + 25*j + 5/2*j**2 + 1/3*j**3. Let q(i) be the first derivative of u(i). Give q(-5).
20
Let q(d) be the third derivative of -118*d**2 + 5/3*d**3 + 0 - 1/24*d**4 + 0*d. Give q(0).
10
Let k(o) = -3*o**2 + 3*o + 23. Let y(t) = 10*t**2 - 8*t - 71. Suppose -4*u = -5*f - 6, 8*f = 9*f + 2*u + 4. Let c(g) = f*y(g) - 7*k(g). Calculate c(8).
5
Let c(j) = j**2 - 1. Let a(d) = 6*d**2 + 254*d - 170. Let l be a(-43). Determine c(l).
3
Let z(k) = -3*k. Let t(m) = 15*m. Let p(a) = -5*t(a) - 24*z(a). Let i(f) = -f**3 - 11*f**2 + 5*f + 87. Let j be i(-11). Suppose j*n = 3*n - 29. What is p(n)?
3
Let r = 626 + -623. Let u(n) = -6*n**2 - 1 + 0*n**2 - r + 2 - 3*n. Give u(-1).
-5
Let b(c) = c**2 - 7*c - 54. Suppose -4*t + 54 = a, -3*t = t - 5*a - 18. Determine b(t).
6
Let f(v) = -21*v - 113. Let t(z) = -z**3 - 11*z**2 + 58*z + 219. Let q be t(-14). Calculate f(q).
-8
Let x(j) = 250*j**3 + 250*j**3 + 6*j**2 - 6 - 747*j**3 + 248*j**3 + 0. Give x(-6).
-6
Let a(m) = -m**2 + 6*m + 10. Let z be (-1)/((-13)/21 - 2/(-7)). Suppose z = w + 1. Suppose 0 = k - w*n - 11, k + 17 = 4*k + 2*n. Give a(k).
3
Let u(m) = 2*m + 2*m + 7*m + 0*m. Suppose -3*l - 3*q + 1 = -14, -2*q - 32 = -5*l. Suppose -3*c - 6 = -l*c. What is u(c)?
22
Let q be (-1)/((-8)/18) - (-104)/(-416). Let g(c) = 3*c**2 + 2*c + 1. Let x be g(-3). Let r(j) = q*j - 1 + 7*j**3 + 2 + 22*j**2 - x*j**2. Determine r(-1).
-8
Suppose -72 = -25*u + 7*u. Let c be (-2)/((8/10)/(-2)). Let j(l) = -l + 5*l - c - 3*l + u. What is j(-1)?
-2
Let q = -23247 + 23247. Let g(d) = -3*d**2 - 4*d + 16. Let l(n) = -2*n**2 - 3*n + 16. Let k(y) = 3*g(y) - 4*l(y). Determine k(q).
-16
Let b(o) be the third derivative of -o**6/20 + o**5/60 - o**4/8 - o**3/2 + 374*o**2 - 2*o. Determine b(-2).
55
Let b(s) = -2*s**2 + 6*s + 2. Suppose p + 3*m = -6, 0 = -2*p + 47*m - 49*m. What is b(p)?
2
Let z(b) be the second derivative of b**4/12 + 11*b**3/6 - 12*b**2 + 6430*b. Determine z(-10).
-34
Let d be -2 - 0 - -2*(-3)/6. Let x(w) = -7*w - 2 + 2 + 4*w + 2*w - 4. Give x(d).
-1
Let m(y) = -y**2 - 9*y - 5. Let q be m(-11). Let n be (1/8)/(q/(-216)). Let r(p) = 5*p. What is r(n)?
5
Let v(t) = -64*t + 28. Let a(f) = -19*f + 10. Let j(i) = -10*a(i) + 3*v(i). Determine j(8).
-32
Let t be (0 - -1)*16/8. Suppose -2*m + 24 = t*m. Let g(w) = -3 + 87*w + 96*w + 4 + 6 - 184*w. Calculate g(m).
1
Let m(k) = -283*k. Let s(u) = 1371*u - 182. Let w(l) = 5*m(l) + s(l). Give w(-4).
-6
Let b = -130 + 133. Let d(n) = 73 - 44 - b*n - 32. Suppose -5*a - 5 = -5*k, -4*a - 3*k - 2 = -26. Determine d(a).
-12
Let c(b) = b**3 + 9*b**2 + b - 5. Let t be 0 + -8 + (-30)/(-110) + 112/(-88). Give c(t).
-14
Let q(p) = -2*p - 3. Suppose 3*r = -4*i - 3, 2*r + 1 = -4*i + 3. Suppose -i*v + 2*w - 20 = -3*w, 5*v - 4*w = -29. Let u be q(v). Let d(a) = -2*a + 1. Give d(u).
-13
Suppose -4*c - c + 24 = 2*s, -4*s + 48 = -2*c. Let d be (39/s - 2) + (-575)/92. Let u(z) = -z**2 - 3*z + 7. Determine u(d).
-3
Let j(d) = 2*d**3 - 15*d**2 + 7*d - 5. Let w be j(7). Let o(i) = 16*i - 9. Let x(n) = -13*n + 8. Let q(l) = w*o(l) - 6*x(l). Calculate q(3).
-9
Let q be 18 + (-23 - (-36 + 16)). Let s(o) = -o**3 + 13*o**2 - 15*o + 6. Let y(w) = -2*w**3 + 27*w**2 - 30*w + 11. Let g(p) = 5*s(p) - 3*y(p). Determine g(q).
-3
Let t(d) be the second derivative of 23*d**5/10 - d**4/12 + d**3/2 + 3*d**2/2 + 593*d + 2. Give t(-1).
-47
Let g(u) = 64*u**2 + u**3 - u - 62*u**2 + 3 + 5*u**2 + 7 - 3*u. What is g(-8)?
-22
Suppose 7*r + 41 = 5*f + 6*r, -f + 3*r - 3 = 0. Let q be (273/26 - f)*(-1 + -1). Let y(t) = -2*t**2 - 6*t - 2. Calculate y(q).
-2
Let n(p) = 10*p + 105. Suppose 2*i - 171 = -21*d, i + 31 = 4*d - 14. Give n(i).
15
Let g = -596 - -603. Let m(f) = -f**2 + 12*f - 38. Determine m(g).
-3
Let t(y) be the first derivative of y**7/840 - y**6/60 + y**5/24 - y**4/4 + 4*y**3/3 + y**2 + 61. Let h(i) be the third derivative of t(i). Calculate h(6).
24
Let s(t) = t**3 - 5*t**2 - 5*t. Suppose -q + 5 = 4. Let l = 34 - q. Suppose -l = -3*w - 5*v, -w - 4*w - 2*v + 36 = 0. Give s(w).
6
Let c(k) = -k**2 - 5*k - 5. Let t(o) = -o**2 - 7. Let z be t(-1). Determine c(z).
-29
Suppose 162 = -1265*c + 1292*c. Let q(h) be the first derivative of -h**3/3 + 5*h**2/2 + 10*h + 2. What is q(c)?
4
Let u(x) = -33*x + 10. Let l(h) = h + 3. Let k(b) = -4*l(b) + u(b). Give k(1).
-39
Let a(v) = -12*v**3 - 2*v**2 + 18*v - 11. Let l(k) = 8*k - 41. Let p be l(6). Let o(t) = 7*t**3 - 9*t + 5. Let s(w) = p*o(w) + 4*a(w). Determine s(7).
5
Let n(d) = 1417*d**3 - 2 - 4*d + 0 - 1415*d**3. Determine n(-2).
-10
Let j(c) = -c**2. Let d = -625 - -627. Suppose 4*g - 4*l = 20, -3*g = -7*g + d*l + 16. Determine j(g).
-9
Let v(r) = -r**3 - 19*r**2 - 2*r - 34. Let o be (-3)/9 - 91/(-21) - (25 + -2). What is v(o)?
4
Let b(v) = 5*v**2 - 8*v + 16. Let p(u) = -2*u**2 - u - 5. Let q(h) = -b(h) - 2*p(h). Give q(4).
18
Let i = -114 + 124. Let v(m) = -m**2 + 8*m + 13. Let h be v(i). Let l(o) = -o - 4. What is l(h)?
3
Let f(b) be the second derivative of -b**5/10 - 21*b**4/4 - 17*b**3/3 - 51*b**2 - 62*b - 20. Determine f(-31).
-9
Let o(j) be the second derivative of -j**4/12 - 2*j**3/3 - 5*j**2/2 - 7*j. Let u(f) = -21*f - 1119. Let t be u(-53). Determine o(t).
-17
Let l(o) = -21*o - 160. Let p(m) = 44*m + 321. Let r(v) = 5*l(v) + 2*p(v). Calculate r(-9).
-5
Let v(l) = -l**2 - 4*l + 4. Let m = -15 + 10. Let c be 0 + m/(15/(-9)). Suppose -c = -3*j - 15. Calculate v(j).
4
Let x(c) = 9*c - 4. Let s(v) = -4*v + 2. Let t(k) = 7*s(k) + 3*x(k). Let l be -57*(-2)/6 + -2. Suppose -5*r + 3*w + l + 8 = 0, w + 35 = 5*r. Determine t(r).
-6
Suppose -12